{"id":3022,"date":"2023-07-23T16:06:21","date_gmt":"2023-07-23T16:06:21","guid":{"rendered":"https:\/\/www.lichtbaken.nl\/?page_id=3022"},"modified":"2026-01-11T07:44:33","modified_gmt":"2026-01-11T07:44:33","slug":"activiteiten","status":"publish","type":"page","link":"https:\/\/www.lichtbaken.nl\/?page_id=3022","title":{"rendered":"Activiteiten"},"content":{"rendered":"<div data-label=\"About\" data-id=\"about--1\" data-export-id=\"about-10\" data-category=\"about\" class=\"about-10 content-section content-section-spacing\" id=\"about-1\"  style=\"background-color: rgb(255, 255, 255);\"><div class=\"gridContainer\" > <div class=\"row middle-sm text-center\" ><div class=\"col-sm-5 space-bottom-xs content-column\" data-type=\"column\" >  <h2 class=\"\" ><span style=\"font-family: Playfair Display,sans-serif; font-weight: 700; font-style: italic;\" href=\"#\" >1 Korinti\u00ebrs 12:12<\/span>&nbsp;<\/h2> <p class=\"\" >Een lichaam is een eenheid die uit vele delen bestaat; ondanks hun veelheid vormen al die delen samen \u00e9\u00e9n lichaam. Zo is het ook met het lichaam van Christus.&nbsp;<\/p> <\/div> <div class=\"col-sm-7 flexbox middle-xs center-xs space-bottom-xs\" ><div class=\"overlay-box middle-xs center-xs flexbox\" > <div class=\"overlay-box-offset offset-border shadow-medium border-color1 hide-xs\" ><\/div> <img class=\"shadow-large\" data-size=\"485x705\" src=\"https:\/\/www.lichtbaken.nl\/wp-content\/uploads\/2026\/01\/cropped-6-1.png\"  title=\"cropped-6-1.png\" alt=\"\"><\/div> <\/div><\/div> <\/div><\/div>","protected":false},"excerpt":{"rendered":"<p>1 Korinti\u00ebrs 12:12&nbsp; Een lichaam is een eenheid die uit vele delen bestaat; ondanks hun veelheid vormen al die delen samen \u00e9\u00e9n lichaam. Zo is het ook met het lichaam van Christus.&nbsp;<\/p>\n","protected":false},"author":7,"featured_media":0,"parent":0,"menu_order":0,"comment_status":"closed","ping_status":"closed","template":"pro\/page-templates\/full-width-page.php","meta":[],"_links":{"self":[{"href":"https:\/\/www.lichtbaken.nl\/index.php?rest_route=\/wp\/v2\/pages\/3022"}],"collection":[{"href":"https:\/\/www.lichtbaken.nl\/index.php?rest_route=\/wp\/v2\/pages"}],"about":[{"href":"https:\/\/www.lichtbaken.nl\/index.php?rest_route=\/wp\/v2\/types\/page"}],"author":[{"embeddable":true,"href":"https:\/\/www.lichtbaken.nl\/index.php?rest_route=\/wp\/v2\/users\/7"}],"replies":[{"embeddable":true,"href":"https:\/\/www.lichtbaken.nl\/index.php?rest_route=%2Fwp%2Fv2%2Fcomments&post=3022"}],"version-history":[{"count":8,"href":"https:\/\/www.lichtbaken.nl\/index.php?rest_route=\/wp\/v2\/pages\/3022\/revisions"}],"predecessor-version":[{"id":4268,"href":"https:\/\/www.lichtbaken.nl\/index.php?rest_route=\/wp\/v2\/pages\/3022\/revisions\/4268"}],"wp:attachment":[{"href":"https:\/\/www.lichtbaken.nl\/index.php?rest_route=%2Fwp%2Fv2%2Fmedia&parent=3022"}],"curies":[{"name":"wp","href":"https:\/\/api.w.org\/{rel}","templated":true}]}}